r?
False
Is 9661521409 a prime number?
True
Is 3834932306 composite?
True
Is 112179371077 prime?
True
Is 365655523 a prime number?
True
Is 822616358 a prime number?
False
Is 1299447011 composite?
False
Is 2273961451 prime?
True
Is 213871831 a composite number?
False
Is 19573113733 composite?
False
Is 39753039539 a composite number?
False
Is 329574161 prime?
False
Is 176350859 a prime number?
False
Is 961323509 prime?
False
Is 2851614371 composite?
False
Is 178085407 composite?
False
Is 14160329 composite?
False
Is 8333028787 prime?
False
Is 2056972529 composite?
False
Is 12236458097 a composite number?
True
Is 852887053 composite?
False
Is 1882847027 composite?
False
Is 177331321 prime?
True
Is 16536858071 a prime number?
False
Is 13672673459 a prime number?
True
Is 10620085769 a composite number?
True
Is 5480131309 a prime number?
False
Is 33820593073 composite?
False
Is 133627895697 a prime number?
False
Is 34490694413 a prime number?
False
Is 1157190443 prime?
True
Is 23363935373 composite?
False
Is 12718196149 prime?
True
Is 65694473057 a prime number?
False
Is 23618700269 a composite number?
False
Is 1430449963 a prime number?
True
Is 6116401469 a composite number?
False
Is 841164733 prime?
False
Is 286603813 prime?
False
Is 11542669109 prime?
True
Is 1051027909 prime?
False
Is 1329998941 composite?
False
Is 6262680379 a composite number?
True
Is 5749141883 composite?
True
Is 11745440599 prime?
True
Is 34014781133 prime?
False
Is 3542443 prime?
False
Is 76962258253 composite?
True
Is 14371919761 a prime number?
True
Is 20968446439 a composite number?
False
Is 51846725869 prime?
False
Is 18962887443 a prime number?
False
Is 511334107 a prime number?
True
Is 20564969389 composite?
False
Is 88952137649 a prime number?
False
Is 567348263 a prime number?
True
Is 161944121 prime?
True
Is 407288239 a composite number?
False
Is 5051419949 a prime number?
True
Is 24192269 composite?
False
Is 37894942219 prime?
True
Is 107210087 a prime number?
True
Is 20908349789 composite?
True
Is 4372897 a composite number?
False
Is 1857693599 a composite number?
True
Is 5320703279 prime?
False
Is 5904657851 a prime number?
True
Is 9621275473 composite?
False
Is 4055016331 a composite number?
False
Is 1526280271 composite?
True
Is 1096398241 composite?
False
Is 29037700073 composite?
False
Is 480772203 prime?
False
Is 725920861 a prime number?
False
Is 3206714053 composite?
True
Is 4289761913 prime?
False
Is 1020306857 a composite number?
True
Is 18396905321 a composite number?
False
Is 769869383 prime?
False
Is 3373695089 prime?
False
Is 1348381581 prime?
False
Is 141602417 composite?
True
Is 631264951 a composite number?
True
Is 20226121997 a prime number?
False
Is 2789507891 a composite number?
False
Is 163084463 prime?
True
Is 8033568883 a prime number?
True
Is 1287378217 prime?
True
Is 103039537295 prime?
False
Is 91189525643 composite?
False
Is 167017653041 a prime number?
True
Is 4114907309 a composite number?
True
Is 245201208961 a composite number?
False
Is 820015923 a composite number?
True
Is 203443249 prime?
False
Is 1707056107 prime?
True
Is 5474250527 prime?
True
Is 90895605499 composite?
True
Is 1510860397 prime?
False
Is 1740113449 a composite number?
True
Is 223107317 a composite number?
True
Is 4414814839 composite?
True
Is 14971811033 a prime number?
True
Is 6419769233 composite?
False
Is 197279221 a composite number?
False
Is 204920953 prime?
False
Is 276701059295 prime?
False
Is 116755390909 a composite number?
False
Is 3996059009 prime?
True
Is 18290496487 a prime number?
True
Is 2320599157 a composite number?
False
Is 411315859 composite?
False
Is 301404857167 composite?
False
Is 2219402029 a prime number?
False
Is 3202022077 prime?
True
Is 3302656141 a composite number?
False
Is 6575755282 a composite number?
True
Is 1018486673 a composite number?
False
Is 1986050881 a composite number?
False
Is 5789143961 a composite number?
True
Is 8433315791 prime?
True
Is 42821856151 a composite number?
False
Is 210986726 a prime number?
False
Is 21912808913 prime?
True
Is 2108719861 composite?
False
Is 3570024287 a composite number?
True
Is 16551208063 a composite number?
True
Is 1775778421 composite?
True
Is 1294289567 prime?
False
Is 4287551941 a composite number?
False
Is 5400797353 a composite number?
True
Is 8562841387 a prime number?
False
Is 27738649151 a composite number?
False
Is 100877351 composite?
False
Is 16788799073 composite?
False
Is 41247137447 a prime number?
True
Is 44688861785 a composite number?
True
Is 3881198971 a prime number?
False
Is 1270747 prime?
True
Is 94777069243 a composite number?
True
Is 3988151506 a composite number?
True
Is 3900491983 a prime number?
True
Is 9241571629 composite?
False
Is 3553586609 a prime number?
True
Is 590747869 composite?
False
Is 16635553 a prime number?
False
Is 442183589 composite?
False
Is 54584196451 composite?
True
Is 817513109629 a composite number?
False
Is 2400487307 composite?
False
Is 4954880213 composite?
False
Is 243637291 a prime number?
True
Is 1601247217 a prime number?
True
Is 12071713099 a prime number?
False
Is 72225672229 prime?
True
Is 1470446491 prime?
True
Is 17300783389 a prime number?
False
Is 47773754729 prime?
False
Is 12861302042 a prime number?
False
Is 5925193853 a composite number?
True
Is 24055780591 a composite number?
False
Is 3588551581 a prime number?
True
Is 53759563309 prime?
True
Is 28813365047 prime?
True
Is 17144703889 prime?
True
Is 114218349158 prime?
False
Is 327366227 a prime number?
True
Is 2881290227 a composite number?
True
Is 1697180473 composite?
False
Is 46719403 a composite number?
False
Is 1472810033 a prime number?
False
Is 375496153 composite?
True
Is 85202999539 prime?
False
Is 21504497387 a composite number?
False
Is 6766080977 a prime number?
True
Is 1321851581 a composite number?
True
Is 2465190059 composite?
False
Is 14623269209 a composite number?
True
Is 903360781 a prime number?
True
Is 794230781 composite?
False
Is 2148135233 prime?
False
Is 19259369639 a prime number?
False
Is 597312778 a prime number?
False
Is 3507456682 a prime number?
False
Is 2003435927 prime?
False
Is 261412457 a prime number?
False
Is 2757937171 composite?
True
Is 11268543229 composite?
False
Is 33871373303 composite?
True
Is 3614693083 prime?
True
Is 26700994153 a composite number?
False
Is 107166546961 composite?
False
Is 44222138161 prime?
True
Is 119197669 a composite number?
True
Is 4279188707 a prime number?
False
Is 1832624411 a composite number?
False
Is 7559531777 composite?
True
Is 14669661739 a composite number?
True
Is 2043067969 a composite number?
True
Is 257299213 prime?
True
Is 1157096429 a prime number?
False
Is 1168793209 a composite number?
True
Is 72784307341 prime?
True
Is 3792376663 prime?
True
Is 25632254953 composite?
True
Is 13842903383 a composite number?
False
Is 4621527983 composite?
True
Is 8870856239 a composite number?
True
Is 11191843111 a composite number?
False
Is 455606741 a prime number?
True
Is 417482179 composite?
True
Is 30124245247 a prime number?
True
Is 87247727363 a composite number?
False
Is 829596113 a prime number?
False
Is 39665428799 composite?
False
Is 2842469153 composite?
False
Is 91627021 a prime number?
True
Is 94469046283 a composite number?
False
Is 218973093 prime?
False
Is 4860643657 prime?
True
Is 798686237 prime?
False
Is 118526782171 prime?
False
Is 21229637059 prime?
True
Is 88794677 a composite number?
True
Is 380983418 a composite number?
True
Is 13492228817 a composite number?
False
Is 58683126253 prime?
True
Is 2018699849 prime?
True
Is 9086087821 prime?
False
Is 312046657469 composite?
False
Is 14582393077 a composite number?
True
Is 29213185367 a composite number?
False
Is 9213825289 a prime number?
True
Is 14978296397 composite?
True
Is 3503382137 composite?
True
Is 10356998543 a composite number?
False
Is 6002406533 prime?
False
Is 7663356059 a composite number?
True
Is 1060882133 a prime number?
True
Is 20500627747 a composite number?
False
Is 15324806479 prime?
False
Is 281996823 prime?
False
Is 16440831943 composite?
False
Is 2476878746 a prime number?
False
Is 14935869343 composite?
False
Is 412917877 a prime number?
True
Is 657308039 a prime number?
True
Is 128156869123 a prime n